{"id":151,"date":"2025-04-19T14:44:12","date_gmt":"2025-04-19T17:44:12","guid":{"rendered":"https:\/\/cloudsuport.com.br\/2025\/?page_id=151"},"modified":"2025-04-24T16:39:58","modified_gmt":"2025-04-24T19:39:58","slug":"contato","status":"publish","type":"page","link":"https:\/\/cloudsuport.com.br\/2025\/contato\/","title":{"rendered":"Contato"},"content":{"rendered":"\t\t<div data-elementor-type=\"wp-page\" data-elementor-id=\"151\" class=\"elementor elementor-151\">\n\t\t\t\t<div class=\"has_eae_slider elementor-element elementor-element-0abc8fb e-flex e-con-boxed e-con e-parent\" data-eae-slider=\"47869\" data-id=\"0abc8fb\" data-element_type=\"container\" data-settings=\"{&quot;background_background&quot;:&quot;slideshow&quot;,&quot;background_slideshow_gallery&quot;:[{&quot;id&quot;:215,&quot;url&quot;:&quot;https:\\\/\\\/cloudsuport.com.br\\\/2025\\\/wp-content\\\/uploads\\\/2025\\\/04\\\/Contato_corte2-scaled.png&quot;}],&quot;background_slideshow_loop&quot;:&quot;yes&quot;,&quot;background_slideshow_slide_duration&quot;:5000,&quot;background_slideshow_slide_transition&quot;:&quot;fade&quot;,&quot;background_slideshow_transition_duration&quot;:500}\">\n\t\t\t\t\t<div class=\"e-con-inner\">\n\t\t\t\t<div class=\"elementor-element elementor-element-60da23b elementor-widget elementor-widget-heading\" data-id=\"60da23b\" data-element_type=\"widget\" data-widget_type=\"heading.default\">\n\t\t\t\t<div class=\"elementor-widget-container\">\n\t\t\t\t\t<h1 class=\"elementor-heading-title elementor-size-default\">CONTATO<\/h1>\t\t\t\t<\/div>\n\t\t\t\t<\/div>\n\t\t\t\t\t<\/div>\n\t\t\t\t<\/div>\n\t\t<div class=\"has_eae_slider elementor-element elementor-element-fc1a6e7 e-flex e-con-boxed e-con e-parent\" data-eae-slider=\"79171\" data-id=\"fc1a6e7\" data-element_type=\"container\">\n\t\t\t\t\t<div class=\"e-con-inner\">\n\t\t\t\t<div class=\"elementor-element elementor-element-5327de4 elementor-widget elementor-widget-text-editor\" data-id=\"5327de4\" data-element_type=\"widget\" data-widget_type=\"text-editor.default\">\n\t\t\t\t<div class=\"elementor-widget-container\">\n\t\t\t\t\t\t\t\t\t<h3 class=\"\" data-start=\"114\" data-end=\"142\"><span style=\"color: #000000;\">Entre em Contato Conosco<\/span><\/h3><p class=\"\" data-start=\"144\" data-end=\"237\"><span style=\"color: #000000;\">Tem alguma d\u00favida, sugest\u00e3o ou precisa de suporte? Nossa equipe est\u00e1 pronta para ajudar voc\u00ea!<\/span><\/p><p class=\"\" data-start=\"239\" data-end=\"298\"><span style=\"color: #000000;\">Voc\u00ea pode entrar em contato conosco pelos seguintes canais:<\/span><\/p><p class=\"\" data-start=\"300\" data-end=\"388\"><span style=\"color: #000000;\">\ud83d\udce7 <strong data-start=\"303\" data-end=\"314\">E-mail:<\/strong> <a class=\"cursor-pointer\" style=\"color: #000000;\" rel=\"noopener\" data-start=\"315\" data-end=\"341\">suporte@cloudsuport.com.br<\/a><\/span><br data-start=\"341\" data-end=\"344\" \/><span style=\"color: #000000;\">\ud83d\udcf1 <strong data-start=\"347\" data-end=\"369\">WhatsApp\/Telefone:<\/strong> (83) 9 9112-6935<\/span><\/p><p class=\"\" data-start=\"390\" data-end=\"503\"><span style=\"color: #000000;\">\ud83d\udd52 <strong data-start=\"393\" data-end=\"420\">Hor\u00e1rio de Atendimento:<\/strong><\/span><br data-start=\"420\" data-end=\"423\" \/><span style=\"color: #000000;\">De segunda a sexta-feira: das 08:00h \u00e0s 18:00h<\/span><br data-start=\"469\" data-end=\"472\" \/><span style=\"color: #000000;\">S\u00e1bados: das 09:00h \u00e0s 13:00h<\/span><\/p><p class=\"\" data-start=\"505\" data-end=\"619\"><span style=\"color: #000000;\">Se preferir, preencha o formul\u00e1rio abaixo e responderemos o mais breve poss\u00edvel.<\/span><\/p>\t\t\t\t\t\t\t\t<\/div>\n\t\t\t\t<\/div>\n\t\t\t\t\t<\/div>\n\t\t\t\t<\/div>\n\t\t<div class=\"has_eae_slider elementor-element elementor-element-3991c42 e-flex e-con-boxed e-con e-parent\" data-eae-slider=\"96914\" data-id=\"3991c42\" data-element_type=\"container\">\n\t\t\t\t\t<div class=\"e-con-inner\">\n\t\t\t\t<div class=\"elementor-element elementor-element-0b235fb elementor-widget elementor-widget-wpforms\" data-id=\"0b235fb\" data-element_type=\"widget\" data-widget_type=\"wpforms.default\">\n\t\t\t\t<div class=\"elementor-widget-container\">\n\t\t\t\t\t<div class=\"wpforms-container wpforms-container-full wpforms-render-modern\" id=\"wpforms-143\"><form id=\"wpforms-form-143\" class=\"wpforms-validate wpforms-form wpforms-ajax-form\" data-formid=\"143\" method=\"post\" enctype=\"multipart\/form-data\" action=\"\/2025\/wp-json\/wp\/v2\/pages\/151\" data-token=\"63f08286d2f710263011c4569590d5e0\" data-token-time=\"1776966555\"><noscript class=\"wpforms-error-noscript\">Ative o JavaScript no seu navegador para preencher este formul\u00e1rio.<\/noscript><div id=\"wpforms-error-noscript\" style=\"display: none;\">Ative o JavaScript no seu navegador para preencher este formul\u00e1rio.<\/div><div class=\"wpforms-field-container\"><div id=\"wpforms-143-field_3-container\" class=\"wpforms-field wpforms-field-name\" data-field-id=\"3\"><fieldset><legend class=\"wpforms-field-label\">Nome <span class=\"wpforms-required-label\" aria-hidden=\"true\">*<\/span><\/legend><div class=\"wpforms-field-row wpforms-field-medium\"><div class=\"wpforms-field-row-block wpforms-first wpforms-one-half\"><input type=\"text\" id=\"wpforms-143-field_3\" class=\"wpforms-field-name-first wpforms-field-required\" name=\"wpforms[fields][3][first]\" aria-errormessage=\"wpforms-143-field_3-error\" required><label for=\"wpforms-143-field_3\" class=\"wpforms-field-sublabel after\">Nome<\/label><\/div><div class=\"wpforms-field-row-block wpforms-one-half\"><input type=\"text\" id=\"wpforms-143-field_3-last\" class=\"wpforms-field-name-last wpforms-field-required\" name=\"wpforms[fields][3][last]\" aria-errormessage=\"wpforms-143-field_3-last-error\" required><label for=\"wpforms-143-field_3-last\" class=\"wpforms-field-sublabel after\">Sobrenome<\/label><\/div><\/div><\/fieldset><\/div><div id=\"wpforms-143-field_4-container\" class=\"wpforms-field wpforms-field-number\" data-field-id=\"4\"><label class=\"wpforms-field-label\" for=\"wpforms-143-field_4\">Celular <span class=\"wpforms-required-label\" aria-hidden=\"true\">*<\/span><\/label><input type=\"number\" id=\"wpforms-143-field_4\" class=\"wpforms-field-medium wpforms-field-required\" name=\"wpforms[fields][4]\" value=\"(99) 9.9999-9999\" step=\"any\" aria-errormessage=\"wpforms-143-field_4-error\" required><\/div>\t\t<div id=\"wpforms-143-field_1-container\"\n\t\t\tclass=\"wpforms-field wpforms-field-text\"\n\t\t\tdata-field-type=\"text\"\n\t\t\tdata-field-id=\"1\"\n\t\t\t>\n\t\t\t<label class=\"wpforms-field-label\" for=\"wpforms-143-field_1\" >Nome para Celular<\/label>\n\t\t\t<input type=\"text\" id=\"wpforms-143-field_1\" class=\"wpforms-field-medium\" name=\"wpforms[fields][1]\" >\n\t\t<\/div>\n\t\t<div id=\"wpforms-143-field_5-container\" class=\"wpforms-field wpforms-field-email\" data-field-id=\"5\"><label class=\"wpforms-field-label\" for=\"wpforms-143-field_5\">E-mail para contato <span class=\"wpforms-required-label\" aria-hidden=\"true\">*<\/span><\/label><input type=\"email\" id=\"wpforms-143-field_5\" class=\"wpforms-field-medium wpforms-field-required\" name=\"wpforms[fields][5]\" spellcheck=\"false\" aria-errormessage=\"wpforms-143-field_5-error\" required><\/div><div id=\"wpforms-143-field_6-container\" class=\"wpforms-field wpforms-field-textarea\" data-field-id=\"6\"><label class=\"wpforms-field-label\" for=\"wpforms-143-field_6\">Mensagem <span class=\"wpforms-required-label\" aria-hidden=\"true\">*<\/span><\/label><textarea id=\"wpforms-143-field_6\" class=\"wpforms-field-medium wpforms-field-required\" name=\"wpforms[fields][6]\" aria-errormessage=\"wpforms-143-field_6-error\" required><\/textarea><\/div><script>\n\t\t\t\t( function() {\n\t\t\t\t\tconst style = document.createElement( 'style' );\n\t\t\t\t\tstyle.appendChild( document.createTextNode( '#wpforms-143-field_1-container { position: absolute !important; overflow: hidden !important; display: inline !important; height: 1px !important; width: 1px !important; z-index: -1000 !important; padding: 0 !important; } #wpforms-143-field_1-container input { visibility: hidden; } #wpforms-conversational-form-page #wpforms-143-field_1-container label { counter-increment: none; }' ) );\n\t\t\t\t\tdocument.head.appendChild( style );\n\t\t\t\t\tdocument.currentScript?.remove();\n\t\t\t\t} )();\n\t\t\t<\/script><\/div><!-- .wpforms-field-container --><div class=\"wpforms-recaptcha-container wpforms-is-recaptcha wpforms-is-recaptcha-type-v3\" ><input type=\"hidden\" name=\"wpforms[recaptcha]\" value=\"\"><\/div><div class=\"wpforms-submit-container\" ><input type=\"hidden\" name=\"wpforms[id]\" value=\"143\"><input type=\"hidden\" name=\"page_title\" value=\"\"><input type=\"hidden\" name=\"page_url\" value=\"https:\/\/cloudsuport.com.br\/2025\/wp-json\/wp\/v2\/pages\/151\"><input type=\"hidden\" name=\"url_referer\" value=\"\"><button type=\"submit\" name=\"wpforms[submit]\" id=\"wpforms-submit-143\" class=\"wpforms-submit\" data-alt-text=\"Enviando\u2026\" data-submit-text=\"Enviar\" aria-live=\"assertive\" value=\"wpforms-submit\">Enviar<\/button><img decoding=\"async\" src=\"https:\/\/cloudsuport.com.br\/2025\/wp-content\/plugins\/wpforms-lite\/assets\/images\/submit-spin.svg\" class=\"wpforms-submit-spinner\" style=\"display: none;\" width=\"26\" height=\"26\" alt=\"Carregando\"><\/div><\/form><\/div>  <!-- .wpforms-container -->\t\t\t\t<\/div>\n\t\t\t\t<\/div>\n\t\t\t\t\t<\/div>\n\t\t\t\t<\/div>\n\t\t\t\t<\/div>\n\t\t","protected":false},"excerpt":{"rendered":"<p>CONTATO Entre em Contato Conosco Tem alguma d\u00favida, sugest\u00e3o ou precisa de suporte? Nossa equipe est\u00e1 pronta para ajudar voc\u00ea! Voc\u00ea pode entrar em contato conosco pelos seguintes canais: \ud83d\udce7 E-mail: suporte@cloudsuport.com.br\ud83d\udcf1 WhatsApp\/Telefone: (83) 9 9112-6935 \ud83d\udd52 Hor\u00e1rio de Atendimento:De segunda a sexta-feira: das 08:00h \u00e0s 18:00hS\u00e1bados: das 09:00h \u00e0s 13:00h Se preferir, preencha o [&hellip;]<\/p>\n","protected":false},"author":1,"featured_media":0,"parent":0,"menu_order":0,"comment_status":"closed","ping_status":"closed","template":"elementor_header_footer","meta":{"_joinchat":[],"footnotes":""},"class_list":["post-151","page","type-page","status-publish","hentry"],"_links":{"self":[{"href":"https:\/\/cloudsuport.com.br\/2025\/wp-json\/wp\/v2\/pages\/151","targetHints":{"allow":["GET"]}}],"collection":[{"href":"https:\/\/cloudsuport.com.br\/2025\/wp-json\/wp\/v2\/pages"}],"about":[{"href":"https:\/\/cloudsuport.com.br\/2025\/wp-json\/wp\/v2\/types\/page"}],"author":[{"embeddable":true,"href":"https:\/\/cloudsuport.com.br\/2025\/wp-json\/wp\/v2\/users\/1"}],"replies":[{"embeddable":true,"href":"https:\/\/cloudsuport.com.br\/2025\/wp-json\/wp\/v2\/comments?post=151"}],"version-history":[{"count":79,"href":"https:\/\/cloudsuport.com.br\/2025\/wp-json\/wp\/v2\/pages\/151\/revisions"}],"predecessor-version":[{"id":286,"href":"https:\/\/cloudsuport.com.br\/2025\/wp-json\/wp\/v2\/pages\/151\/revisions\/286"}],"wp:attachment":[{"href":"https:\/\/cloudsuport.com.br\/2025\/wp-json\/wp\/v2\/media?parent=151"}],"curies":[{"name":"wp","href":"https:\/\/api.w.org\/{rel}","templated":true}]}}